{"id":23,"date":"2024-05-13T23:17:16","date_gmt":"2024-05-13T21:17:16","guid":{"rendered":"http:\/\/www.enfermerademicropigmentacion.com\/?page_id=23"},"modified":"2024-05-18T18:50:04","modified_gmt":"2024-05-18T16:50:04","slug":"para-profesionales","status":"publish","type":"page","link":"https:\/\/www.enfermerademicropigmentacion.com\/en\/para-profesionales\/","title":{"rendered":"For Professionals"},"content":{"rendered":"<div data-elementor-type=\"wp-page\" data-elementor-id=\"23\" class=\"elementor elementor-23\" data-elementor-post-type=\"page\">\n\t\t\t\t<div class=\"elementor-element elementor-element-21e23416 e-flex e-con-boxed e-con e-parent\" data-id=\"21e23416\" data-element_type=\"container\">\n\t\t\t\t\t<div class=\"e-con-inner\">\n\t\t\t\t\t<\/div>\n\t\t\t\t<\/div>\n\t\t<div class=\"elementor-element elementor-element-4d430102 e-flex e-con-boxed e-con e-parent\" data-id=\"4d430102\" data-element_type=\"container\">\n\t\t\t\t\t<div class=\"e-con-inner\">\n\t\t<div class=\"elementor-element elementor-element-226dcab9 e-con-full e-flex e-con e-child\" data-id=\"226dcab9\" data-element_type=\"container\">\n\t\t\t\t<div class=\"elementor-element elementor-element-5ead6d81 elementor-widget elementor-widget-text-editor\" data-id=\"5ead6d81\" data-element_type=\"widget\" data-widget_type=\"text-editor.default\">\n\t\t\t\t<div class=\"elementor-widget-container\">\n\t\t\t<style>\/*! elementor - v3.21.0 - 20-05-2024 *\/\n.elementor-widget-text-editor.elementor-drop-cap-view-stacked .elementor-drop-cap{background-color:#69727d;color:#fff}.elementor-widget-text-editor.elementor-drop-cap-view-framed .elementor-drop-cap{color:#69727d;border:3px solid;background-color:transparent}.elementor-widget-text-editor:not(.elementor-drop-cap-view-default) .elementor-drop-cap{margin-top:8px}.elementor-widget-text-editor:not(.elementor-drop-cap-view-default) .elementor-drop-cap-letter{width:1em;height:1em}.elementor-widget-text-editor .elementor-drop-cap{float:left;text-align:center;line-height:1;font-size:50px}.elementor-widget-text-editor .elementor-drop-cap-letter{display:inline-block}<\/style>\t\t\t\t<p>If you are a plastic surgeon and want more information about the treatments with which we can improve the results of any of your patients, do not hesitate to write to me. I will always be available and happy to answer all your questions.<\/p>\t\t\t\t\t\t<\/div>\n\t\t\t\t<\/div>\n\t\t\t\t<div class=\"elementor-element elementor-element-b6ae7d3 elementor-align-right elementor-widget__width-inherit elementor-widget elementor-widget-button\" data-id=\"b6ae7d3\" data-element_type=\"widget\" data-widget_type=\"button.default\">\n\t\t\t\t<div class=\"elementor-widget-container\">\n\t\t\t\t\t<div class=\"elementor-button-wrapper\">\n\t\t\t<a class=\"elementor-button elementor-button-link elementor-size-sm\" href=\"https:\/\/www.enfermerademicropigmentacion.com\/en\/contacto\/\">\n\t\t\t\t\t\t<span class=\"elementor-button-content-wrapper\">\n\t\t\t\t\t\t\t\t\t<span class=\"elementor-button-text\">Contact me<\/span>\n\t\t\t\t\t<\/span>\n\t\t\t\t\t<\/a>\n\t\t<\/div>\n\t\t\t\t<\/div>\n\t\t\t\t<\/div>\n\t\t\t\t<\/div>\n\t\t<div class=\"elementor-element elementor-element-60d580a0 e-con-full e-flex e-con e-child\" data-id=\"60d580a0\" data-element_type=\"container\" data-settings=\"{&quot;motion_fx_motion_fx_scrolling&quot;:&quot;yes&quot;,&quot;motion_fx_translateX_effect&quot;:&quot;yes&quot;,&quot;motion_fx_translateX_affectedRange&quot;:{&quot;unit&quot;:&quot;%&quot;,&quot;size&quot;:&quot;&quot;,&quot;sizes&quot;:{&quot;start&quot;:0,&quot;end&quot;:50}},&quot;motion_fx_translateX_speed&quot;:{&quot;unit&quot;:&quot;px&quot;,&quot;size&quot;:4,&quot;sizes&quot;:[]},&quot;motion_fx_devices&quot;:[&quot;desktop&quot;,&quot;laptop&quot;,&quot;tablet&quot;,&quot;mobile&quot;]}\">\n\t\t\t\t<div class=\"elementor-element elementor-element-5c511044 elementor-widget elementor-widget-image\" data-id=\"5c511044\" data-element_type=\"widget\" data-widget_type=\"image.default\">\n\t\t\t\t<div class=\"elementor-widget-container\">\n\t\t\t<style>\/*! elementor - v3.21.0 - 20-05-2024 *\/\n.elementor-widget-image{text-align:center}.elementor-widget-image a{display:inline-block}.elementor-widget-image a img[src$=\".svg\"]{width:48px}.elementor-widget-image img{vertical-align:middle;display:inline-block}<\/style>\t\t\t\t\t\t\t\t\t\t<img fetchpriority=\"high\" decoding=\"async\" width=\"600\" height=\"900\" src=\"https:\/\/www.enfermerademicropigmentacion.com\/wp-content\/uploads\/2024\/05\/para-pro-1.jpg\" class=\"attachment-full size-full wp-image-355\" alt=\"\" srcset=\"https:\/\/www.enfermerademicropigmentacion.com\/wp-content\/uploads\/2024\/05\/para-pro-1.jpg 600w, https:\/\/www.enfermerademicropigmentacion.com\/wp-content\/uploads\/2024\/05\/para-pro-1-200x300.jpg 200w\" sizes=\"(max-width: 600px) 100vw, 600px\" \/>\t\t\t\t\t\t\t\t\t\t\t\t\t<\/div>\n\t\t\t\t<\/div>\n\t\t\t\t<\/div>\n\t\t\t\t\t<\/div>\n\t\t\t\t<\/div>\n\t\t\t\t<\/div>","protected":false},"excerpt":{"rendered":"<p>Si eres cirujano pl\u00e1stico y quieres m\u00e1s informaci\u00f3n acerca de los tratamientos con los que podemos mejorar el resultado de alguna de tus pacientes no dudes en escribirme. Estar\u00e9 siempre disponible y encantada de poder resolver todas vuestras dudas. Cont\u00e1ctame<\/p>","protected":false},"author":1,"featured_media":0,"parent":0,"menu_order":0,"comment_status":"closed","ping_status":"closed","template":"","meta":{"footnotes":""},"class_list":["post-23","page","type-page","status-publish","hentry"],"yoast_head":"<!-- This site is optimized with the Yoast SEO plugin v25.2 - https:\/\/yoast.com\/wordpress\/plugins\/seo\/ -->\n<title>Para Profesionales - Gemma L\u00f3pez | Micropigmentaci\u00f3n Param\u00e9dica en Madrid<\/title>\n<meta name=\"robots\" content=\"index, follow, max-snippet:-1, max-image-preview:large, max-video-preview:-1\" \/>\n<link rel=\"canonical\" href=\"https:\/\/www.enfermerademicropigmentacion.com\/en\/para-profesionales\/\" \/>\n<meta property=\"og:locale\" content=\"en_GB\" \/>\n<meta property=\"og:type\" content=\"article\" \/>\n<meta property=\"og:title\" content=\"Para Profesionales - Gemma L\u00f3pez | Micropigmentaci\u00f3n Param\u00e9dica en Madrid\" \/>\n<meta property=\"og:description\" content=\"Si eres cirujano pl\u00e1stico y quieres m\u00e1s informaci\u00f3n acerca de los tratamientos con los que podemos mejorar el resultado de alguna de tus pacientes no dudes en escribirme. Estar\u00e9 siempre disponible y encantada de poder resolver todas vuestras dudas. Cont\u00e1ctame\" \/>\n<meta property=\"og:url\" content=\"https:\/\/www.enfermerademicropigmentacion.com\/en\/para-profesionales\/\" \/>\n<meta property=\"og:site_name\" content=\"Gemma L\u00f3pez | Micropigmentaci\u00f3n Param\u00e9dica en Madrid\" \/>\n<meta property=\"article:modified_time\" content=\"2024-05-18T16:50:04+00:00\" \/>\n<meta property=\"og:image\" content=\"http:\/\/www.enfermerademicropigmentacion.com\/wp-content\/uploads\/2024\/05\/para-pro-1.jpg\" \/>\n<meta name=\"twitter:card\" content=\"summary_large_image\" \/>\n<script type=\"application\/ld+json\" class=\"yoast-schema-graph\">{\"@context\":\"https:\/\/schema.org\",\"@graph\":[{\"@type\":\"WebPage\",\"@id\":\"https:\/\/www.enfermerademicropigmentacion.com\/en\/para-profesionales\/\",\"url\":\"https:\/\/www.enfermerademicropigmentacion.com\/en\/para-profesionales\/\",\"name\":\"Para Profesionales - Gemma L\u00f3pez | Micropigmentaci\u00f3n Param\u00e9dica en Madrid\",\"isPartOf\":{\"@id\":\"https:\/\/www.enfermerademicropigmentacion.com\/#website\"},\"primaryImageOfPage\":{\"@id\":\"https:\/\/www.enfermerademicropigmentacion.com\/en\/para-profesionales\/#primaryimage\"},\"image\":{\"@id\":\"https:\/\/www.enfermerademicropigmentacion.com\/en\/para-profesionales\/#primaryimage\"},\"thumbnailUrl\":\"http:\/\/www.enfermerademicropigmentacion.com\/wp-content\/uploads\/2024\/05\/para-pro-1.jpg\",\"datePublished\":\"2024-05-13T21:17:16+00:00\",\"dateModified\":\"2024-05-18T16:50:04+00:00\",\"breadcrumb\":{\"@id\":\"https:\/\/www.enfermerademicropigmentacion.com\/en\/para-profesionales\/#breadcrumb\"},\"inLanguage\":\"en-GB\",\"potentialAction\":[{\"@type\":\"ReadAction\",\"target\":[\"https:\/\/www.enfermerademicropigmentacion.com\/en\/para-profesionales\/\"]}]},{\"@type\":\"ImageObject\",\"inLanguage\":\"en-GB\",\"@id\":\"https:\/\/www.enfermerademicropigmentacion.com\/en\/para-profesionales\/#primaryimage\",\"url\":\"http:\/\/www.enfermerademicropigmentacion.com\/wp-content\/uploads\/2024\/05\/para-pro-1.jpg\",\"contentUrl\":\"http:\/\/www.enfermerademicropigmentacion.com\/wp-content\/uploads\/2024\/05\/para-pro-1.jpg\"},{\"@type\":\"BreadcrumbList\",\"@id\":\"https:\/\/www.enfermerademicropigmentacion.com\/en\/para-profesionales\/#breadcrumb\",\"itemListElement\":[{\"@type\":\"ListItem\",\"position\":1,\"name\":\"Portada\",\"item\":\"https:\/\/www.enfermerademicropigmentacion.com\/\"},{\"@type\":\"ListItem\",\"position\":2,\"name\":\"Para Profesionales\"}]},{\"@type\":\"WebSite\",\"@id\":\"https:\/\/www.enfermerademicropigmentacion.com\/#website\",\"url\":\"https:\/\/www.enfermerademicropigmentacion.com\/\",\"name\":\"Gemma L\u00f3pez | Micropigmentaci\u00f3n Param\u00e9dica en Madrid\",\"description\":\"Micropigmentaci\u00f3n param\u00e9dica en Madrid especializada en areola-pez\u00f3n 3D y camuflaje de cicatrices mamarias. Enfermera experta en reconstrucci\u00f3n mamaria y est\u00e9tica cl\u00ednica.\",\"potentialAction\":[{\"@type\":\"SearchAction\",\"target\":{\"@type\":\"EntryPoint\",\"urlTemplate\":\"https:\/\/www.enfermerademicropigmentacion.com\/?s={search_term_string}\"},\"query-input\":{\"@type\":\"PropertyValueSpecification\",\"valueRequired\":true,\"valueName\":\"search_term_string\"}}],\"inLanguage\":\"en-GB\"}]}<\/script>\n<!-- \/ Yoast SEO plugin. -->","yoast_head_json":{"title":"Para Profesionales - Gemma L\u00f3pez | Micropigmentaci\u00f3n Param\u00e9dica en Madrid","robots":{"index":"index","follow":"follow","max-snippet":"max-snippet:-1","max-image-preview":"max-image-preview:large","max-video-preview":"max-video-preview:-1"},"canonical":"https:\/\/www.enfermerademicropigmentacion.com\/en\/para-profesionales\/","og_locale":"en_GB","og_type":"article","og_title":"Para Profesionales - Gemma L\u00f3pez | Micropigmentaci\u00f3n Param\u00e9dica en Madrid","og_description":"Si eres cirujano pl\u00e1stico y quieres m\u00e1s informaci\u00f3n acerca de los tratamientos con los que podemos mejorar el resultado de alguna de tus pacientes no dudes en escribirme. Estar\u00e9 siempre disponible y encantada de poder resolver todas vuestras dudas. Cont\u00e1ctame","og_url":"https:\/\/www.enfermerademicropigmentacion.com\/en\/para-profesionales\/","og_site_name":"Gemma L\u00f3pez | Micropigmentaci\u00f3n Param\u00e9dica en Madrid","article_modified_time":"2024-05-18T16:50:04+00:00","og_image":[{"url":"http:\/\/www.enfermerademicropigmentacion.com\/wp-content\/uploads\/2024\/05\/para-pro-1.jpg","type":"","width":"","height":""}],"twitter_card":"summary_large_image","schema":{"@context":"https:\/\/schema.org","@graph":[{"@type":"WebPage","@id":"https:\/\/www.enfermerademicropigmentacion.com\/en\/para-profesionales\/","url":"https:\/\/www.enfermerademicropigmentacion.com\/en\/para-profesionales\/","name":"Para Profesionales - Gemma L\u00f3pez | Micropigmentaci\u00f3n Param\u00e9dica en Madrid","isPartOf":{"@id":"https:\/\/www.enfermerademicropigmentacion.com\/#website"},"primaryImageOfPage":{"@id":"https:\/\/www.enfermerademicropigmentacion.com\/en\/para-profesionales\/#primaryimage"},"image":{"@id":"https:\/\/www.enfermerademicropigmentacion.com\/en\/para-profesionales\/#primaryimage"},"thumbnailUrl":"http:\/\/www.enfermerademicropigmentacion.com\/wp-content\/uploads\/2024\/05\/para-pro-1.jpg","datePublished":"2024-05-13T21:17:16+00:00","dateModified":"2024-05-18T16:50:04+00:00","breadcrumb":{"@id":"https:\/\/www.enfermerademicropigmentacion.com\/en\/para-profesionales\/#breadcrumb"},"inLanguage":"en-GB","potentialAction":[{"@type":"ReadAction","target":["https:\/\/www.enfermerademicropigmentacion.com\/en\/para-profesionales\/"]}]},{"@type":"ImageObject","inLanguage":"en-GB","@id":"https:\/\/www.enfermerademicropigmentacion.com\/en\/para-profesionales\/#primaryimage","url":"http:\/\/www.enfermerademicropigmentacion.com\/wp-content\/uploads\/2024\/05\/para-pro-1.jpg","contentUrl":"http:\/\/www.enfermerademicropigmentacion.com\/wp-content\/uploads\/2024\/05\/para-pro-1.jpg"},{"@type":"BreadcrumbList","@id":"https:\/\/www.enfermerademicropigmentacion.com\/en\/para-profesionales\/#breadcrumb","itemListElement":[{"@type":"ListItem","position":1,"name":"Portada","item":"https:\/\/www.enfermerademicropigmentacion.com\/"},{"@type":"ListItem","position":2,"name":"Para Profesionales"}]},{"@type":"WebSite","@id":"https:\/\/www.enfermerademicropigmentacion.com\/#website","url":"https:\/\/www.enfermerademicropigmentacion.com\/","name":"Gemma L\u00f3pez | Micropigmentaci\u00f3n Param\u00e9dica en Madrid","description":"Micropigmentaci\u00f3n param\u00e9dica en Madrid especializada en areola-pez\u00f3n 3D y camuflaje de cicatrices mamarias. Enfermera experta en reconstrucci\u00f3n mamaria y est\u00e9tica cl\u00ednica.","potentialAction":[{"@type":"SearchAction","target":{"@type":"EntryPoint","urlTemplate":"https:\/\/www.enfermerademicropigmentacion.com\/?s={search_term_string}"},"query-input":{"@type":"PropertyValueSpecification","valueRequired":true,"valueName":"search_term_string"}}],"inLanguage":"en-GB"}]}},"_links":{"self":[{"href":"https:\/\/www.enfermerademicropigmentacion.com\/en\/wp-json\/wp\/v2\/pages\/23","targetHints":{"allow":["GET"]}}],"collection":[{"href":"https:\/\/www.enfermerademicropigmentacion.com\/en\/wp-json\/wp\/v2\/pages"}],"about":[{"href":"https:\/\/www.enfermerademicropigmentacion.com\/en\/wp-json\/wp\/v2\/types\/page"}],"author":[{"embeddable":true,"href":"https:\/\/www.enfermerademicropigmentacion.com\/en\/wp-json\/wp\/v2\/users\/1"}],"replies":[{"embeddable":true,"href":"https:\/\/www.enfermerademicropigmentacion.com\/en\/wp-json\/wp\/v2\/comments?post=23"}],"version-history":[{"count":19,"href":"https:\/\/www.enfermerademicropigmentacion.com\/en\/wp-json\/wp\/v2\/pages\/23\/revisions"}],"predecessor-version":[{"id":531,"href":"https:\/\/www.enfermerademicropigmentacion.com\/en\/wp-json\/wp\/v2\/pages\/23\/revisions\/531"}],"wp:attachment":[{"href":"https:\/\/www.enfermerademicropigmentacion.com\/en\/wp-json\/wp\/v2\/media?parent=23"}],"curies":[{"name":"wp","href":"https:\/\/api.w.org\/{rel}","templated":true}]}}

<p>Si eres cirujano plástico y quieres más información acerca de los tratamientos con los que podemos mejorar el resultado de alguna de tus pacientes no dudes en escribirme. Estaré siempre disponible y encantada de poder resolver todas vuestras dudas. Contáctame</p>

<!-- This site is optimized with the Yoast SEO plugin v25.2 - https://yoast.com/wordpress/plugins/seo/ -->
<title>Para Profesionales - Gemma López | Micropigmentación Paramédica en Madrid</title>
<meta name="robots" content="index, follow, max-snippet:-1, max-image-preview:large, max-video-preview:-1" />
<link rel="canonical" href="https://www.enfermerademicropigmentacion.com/en/para-profesionales/" />
<meta property="og:locale" content="en_GB" />
<meta property="og:type" content="article" />
<meta property="og:title" content="Para Profesionales - Gemma López | Micropigmentación Paramédica en Madrid" />
<meta property="og:description" content="Si eres cirujano plástico y quieres más información acerca de los tratamientos con los que podemos mejorar el resultado de alguna de tus pacientes no dudes en escribirme. Estaré siempre disponible y encantada de poder resolver todas vuestras dudas. Contáctame" />
<meta property="og:url" content="https://www.enfermerademicropigmentacion.com/en/para-profesionales/" />
<meta property="og:site_name" content="Gemma López | Micropigmentación Paramédica en Madrid" />
<meta property="article:modified_time" content="2024-05-18T16:50:04+00:00" />
<meta property="og:image" content="http://www.enfermerademicropigmentacion.com/wp-content/uploads/2024/05/para-pro-1.jpg" />
<meta name="twitter:card" content="summary_large_image" />
<script type="application/ld+json" class="yoast-schema-graph">{"@context":"https://schema.org","@graph":[{"@type":"WebPage","@id":"https://www.enfermerademicropigmentacion.com/en/para-profesionales/","url":"https://www.enfermerademicropigmentacion.com/en/para-profesionales/","name":"Para Profesionales - Gemma López | Micropigmentación Paramédica en Madrid","isPartOf":{"@id":"https://www.enfermerademicropigmentacion.com/#website"},"primaryImageOfPage":{"@id":"https://www.enfermerademicropigmentacion.com/en/para-profesionales/#primaryimage"},"image":{"@id":"https://www.enfermerademicropigmentacion.com/en/para-profesionales/#primaryimage"},"thumbnailUrl":"http://www.enfermerademicropigmentacion.com/wp-content/uploads/2024/05/para-pro-1.jpg","datePublished":"2024-05-13T21:17:16+00:00","dateModified":"2024-05-18T16:50:04+00:00","breadcrumb":{"@id":"https://www.enfermerademicropigmentacion.com/en/para-profesionales/#breadcrumb"},"inLanguage":"en-GB","potentialAction":[{"@type":"ReadAction","target":["https://www.enfermerademicropigmentacion.com/en/para-profesionales/"]}]},{"@type":"ImageObject","inLanguage":"en-GB","@id":"https://www.enfermerademicropigmentacion.com/en/para-profesionales/#primaryimage","url":"http://www.enfermerademicropigmentacion.com/wp-content/uploads/2024/05/para-pro-1.jpg","contentUrl":"http://www.enfermerademicropigmentacion.com/wp-content/uploads/2024/05/para-pro-1.jpg"},{"@type":"BreadcrumbList","@id":"https://www.enfermerademicropigmentacion.com/en/para-profesionales/#breadcrumb","itemListElement":[{"@type":"ListItem","position":1,"name":"Portada","item":"https://www.enfermerademicropigmentacion.com/"},{"@type":"ListItem","position":2,"name":"Para Profesionales"}]},{"@type":"WebSite","@id":"https://www.enfermerademicropigmentacion.com/#website","url":"https://www.enfermerademicropigmentacion.com/","name":"Gemma López | Micropigmentación Paramédica en Madrid","description":"Micropigmentación paramédica en Madrid especializada en areola-pezón 3D y camuflaje de cicatrices mamarias. Enfermera experta en reconstrucción mamaria y estética clínica.","potentialAction":[{"@type":"SearchAction","target":{"@type":"EntryPoint","urlTemplate":"https://www.enfermerademicropigmentacion.com/?s={search_term_string}"},"query-input":{"@type":"PropertyValueSpecification","valueRequired":true,"valueName":"search_term_string"}}],"inLanguage":"en-GB"}]}</script>
<!-- / Yoast SEO plugin. -->

Para Profesionales - Gemma López | Micropigmentación Paramédica en Madrid

Si eres cirujano plástico y quieres más información acerca de los tratamientos con los que podemos mejorar el resultado de alguna de tus pacientes no dudes en escribirme. Estaré siempre disponible y encantada de poder resolver todas vuestras dudas. Contáctame

Gemma López | Micropigmentación Paramédica en Madrid

Micropigmentación paramédica en Madrid especializada en areola-pezón 3D y camuflaje de cicatrices mamarias. Enfermera experta en reconstrucción mamaria y estética clínica.
